{"id":749,"date":"2022-06-30T12:35:20","date_gmt":"2022-06-30T10:35:20","guid":{"rendered":"https:\/\/charlesantonin.com\/?page_id=749"},"modified":"2022-07-08T15:53:37","modified_gmt":"2022-07-08T13:53:37","slug":"notre-histoire","status":"publish","type":"page","link":"https:\/\/charlesantonin.com\/index.php\/notre-histoire\/","title":{"rendered":"Notre histoire"},"content":{"rendered":"\t\t<div data-elementor-type=\"wp-page\" data-elementor-id=\"749\" class=\"elementor elementor-749\">\n\t\t\t\t\t\t<section class=\"elementor-section elementor-top-section elementor-element elementor-element-0daed97 elementor-section-boxed elementor-section-height-default elementor-section-height-default\" data-id=\"0daed97\" data-element_type=\"section\" data-e-type=\"section\" data-settings=\"{&quot;background_background&quot;:&quot;classic&quot;}\">\n\t\t\t\t\t\t\t<div class=\"elementor-background-overlay\"><\/div>\n\t\t\t\t\t\t\t<div class=\"elementor-container elementor-column-gap-default\">\n\t\t\t\t\t<div class=\"elementor-column elementor-col-100 elementor-top-column elementor-element elementor-element-fb59e05\" data-id=\"fb59e05\" data-element_type=\"column\" data-e-type=\"column\">\n\t\t\t<div class=\"elementor-widget-wrap elementor-element-populated\">\n\t\t\t\t\t\t<div class=\"elementor-element elementor-element-7ceefc9 elementor-hidden-mobile elementor-widget elementor-widget-spacer\" data-id=\"7ceefc9\" data-element_type=\"widget\" data-e-type=\"widget\" data-widget_type=\"spacer.default\">\n\t\t\t\t<div class=\"elementor-widget-container\">\n\t\t\t\t\t\t\t<div class=\"elementor-spacer\">\n\t\t\t<div class=\"elementor-spacer-inner\"><\/div>\n\t\t<\/div>\n\t\t\t\t\t\t<\/div>\n\t\t\t\t<\/div>\n\t\t\t\t<div class=\"elementor-element elementor-element-f304abb elementor-hidden-desktop elementor-hidden-tablet elementor-widget elementor-widget-spacer\" data-id=\"f304abb\" data-element_type=\"widget\" data-e-type=\"widget\" data-widget_type=\"spacer.default\">\n\t\t\t\t<div class=\"elementor-widget-container\">\n\t\t\t\t\t\t\t<div class=\"elementor-spacer\">\n\t\t\t<div class=\"elementor-spacer-inner\"><\/div>\n\t\t<\/div>\n\t\t\t\t\t\t<\/div>\n\t\t\t\t<\/div>\n\t\t\t\t<div class=\"elementor-element elementor-element-d018fd0 elementor-hidden-desktop elementor-hidden-tablet elementor-widget elementor-widget-heading\" data-id=\"d018fd0\" data-element_type=\"widget\" data-e-type=\"widget\" data-widget_type=\"heading.default\">\n\t\t\t\t<div class=\"elementor-widget-container\">\n\t\t\t\t\t<h1 class=\"elementor-heading-title elementor-size-xl\">HISTOIRE<\/h1>\t\t\t\t<\/div>\n\t\t\t\t<\/div>\n\t\t\t\t\t<\/div>\n\t\t<\/div>\n\t\t\t\t\t<\/div>\n\t\t<\/section>\n\t\t\t\t<section class=\"elementor-section elementor-top-section elementor-element elementor-element-1926a87 elementor-section-boxed elementor-section-height-default elementor-section-height-default\" data-id=\"1926a87\" data-element_type=\"section\" data-e-type=\"section\">\n\t\t\t\t\t\t<div class=\"elementor-container elementor-column-gap-default\">\n\t\t\t\t\t<div class=\"elementor-column elementor-col-100 elementor-top-column elementor-element elementor-element-450d4da\" data-id=\"450d4da\" data-element_type=\"column\" data-e-type=\"column\">\n\t\t\t<div class=\"elementor-widget-wrap elementor-element-populated\">\n\t\t\t\t\t\t<div class=\"elementor-element elementor-element-9957ecf elementor-widget elementor-widget-heading\" data-id=\"9957ecf\" data-element_type=\"widget\" data-e-type=\"widget\" data-widget_type=\"heading.default\">\n\t\t\t\t<div class=\"elementor-widget-container\">\n\t\t\t\t\t<h2 class=\"elementor-heading-title elementor-size-default\">NOTRE HISTOIRE<\/h2>\t\t\t\t<\/div>\n\t\t\t\t<\/div>\n\t\t\t\t\t<\/div>\n\t\t<\/div>\n\t\t\t\t\t<\/div>\n\t\t<\/section>\n\t\t\t\t<section class=\"elementor-section elementor-top-section elementor-element elementor-element-6c0ca94 elementor-section-boxed elementor-section-height-default elementor-section-height-default\" data-id=\"6c0ca94\" data-element_type=\"section\" data-e-type=\"section\" data-settings=\"{&quot;background_background&quot;:&quot;classic&quot;}\">\n\t\t\t\t\t\t<div class=\"elementor-container elementor-column-gap-default\">\n\t\t\t\t\t<div class=\"elementor-column elementor-col-100 elementor-top-column elementor-element elementor-element-78711d2\" data-id=\"78711d2\" data-element_type=\"column\" data-e-type=\"column\">\n\t\t\t<div class=\"elementor-widget-wrap elementor-element-populated\">\n\t\t\t\t\t\t<div class=\"elementor-element elementor-element-b744368 elementor-widget elementor-widget-mgtimeline_widget\" data-id=\"b744368\" data-element_type=\"widget\" data-e-type=\"widget\" data-widget_type=\"mgtimeline_widget.default\">\n\t\t\t\t<div class=\"elementor-widget-container\">\n\t\t\t\t\t\n\t\t\t\t\t\t<div class=\"mg-timeline timeline\" data-mode=\"vertical\"   data-vertical-trigger=\"15%\" >\n\t\t\t\t\n\t\t\t\t<div class=\"timeline__wrap\">\n\t\t\t\t\t<div class=\"timeline__items\">\n\t\t\t\t\t\t\t\t\t\t\t\t\t\t<div class=\"timeline__item\">\n\t\t\t\t\t\t\t\t\t<div class=\"timeline__content\">\n\t\t\t\t\t\t\t\t\t\t\n\t\t\t\t\t\t\t\t\t\t<h2 class=\"mgt-head\">L'histoire du domaine...<\/h2>\t\t\t\t\t\t\t\t\t\t\t\t\t\t\t\t\t\t\t\t\t\t\t\t\t\t\t\t\t\t\t<div class=\"mgt-content\">\n\t\t\t\t\t\t\t\t\t\t\t\t<p >Charles ANTONIN, tr\u00e8s jeune, rejoint son p\u00e8re Maurice dans sa Maison de distribution de Vins de Bourgogne appel\u00e9e autrefois \n\n                                               \"marchand de vins \u00e0 l'enseigne\".\n\nSa passion pour la viticulture et le terroir\nBourguignon se d\u00e9veloppe au contact des vignerons de la C\u00f4te d'Or.\n\n<\/p>\n\t\t\t\t\t\t\t\t\t\t\t<\/div>\n\t\t\t\t\t\t\t\t\t\t\t\t\t\t\t\t\t\t\t\t\t\t\t\t\t\t\t\t\t<\/div>\n\t\t\t\t\t\t\t\t<\/div>\n\t\t\t\t\t\t\t\t\t\t\t\t\t\t<div class=\"timeline__item\">\n\t\t\t\t\t\t\t\t\t<div class=\"timeline__content\">\n\t\t\t\t\t\t\t\t\t\t\n\t\t\t\t\t\t\t\t\t\t<h2 class=\"mgt-head\">Les d\u00e9buts...<\/h2>\t\t\t\t\t\t\t\t\t\t\t\t\t\t\t\t\t\t\t\t\t\t\t\t\t\t\t\t\t\t\t<div class=\"mgt-content\">\n\t\t\t\t\t\t\t\t\t\t\t\t<p >En 1986, alors \u00e2g\u00e9 de 25 ans, il d\u00e9cide de cr\u00e9er sa propre Maison de distribution et d'\u00e9levage de Crus de Bourgogne et s'installe \u00e0 Nuits Saint Georges et \u00e0 Lyon, capitale de la gastronomie o\u00f9 il fait d\u00e9couvrir \u00e0 de nombreux restaurateurs ses s\u00e9lections en provenance des meilleurs Domaines.<\/p>\n\t\t\t\t\t\t\t\t\t\t\t<\/div>\n\t\t\t\t\t\t\t\t\t\t\t\t\t\t\t\t\t\t\t\t\t\t\t\t\t\t\t\t\t<\/div>\n\t\t\t\t\t\t\t\t<\/div>\n\t\t\t\t\t\t\t\t\t\t\t\t\t\t<div class=\"timeline__item\">\n\t\t\t\t\t\t\t\t\t<div class=\"timeline__content\">\n\t\t\t\t\t\t\t\t\t\t\n\t\t\t\t\t\t\t\t\t\t<h2 class=\"mgt-head\">La fraterie...<\/h2>\t\t\t\t\t\t\t\t\t\t\t\t\t\t\t\t\t\t\t\t\t\t\t\t\t\t\t\t\t\t\t<div class=\"mgt-content\">\n\t\t\t\t\t\t\t\t\t\t\t\t<p >Tr\u00e8s vite rejoint par son fr\u00e8re Daniel , ils d\u00e9veloppent leur pr\u00e9sence sur les foires et salons aux quatre coins de France.\n\nLe succ\u00e8s \u00e9tant au rendez- vous, ils rach\u00e8tent leurs premi\u00e8res parcelles sur Gevrey Chambertin et Pommard Cr\u00e9ant ainsi le Domaine Charles ANTONIN si\u00e8geant \u00e0 Nuits Saint Georges.<\/p>\n\t\t\t\t\t\t\t\t\t\t\t<\/div>\n\t\t\t\t\t\t\t\t\t\t\t\t\t\t\t\t\t\t\t\t\t\t\t\t\t\t\t\t\t<\/div>\n\t\t\t\t\t\t\t\t<\/div>\n\t\t\t\t\t\t\t\t\t\t\t\t\t\t<div class=\"timeline__item\">\n\t\t\t\t\t\t\t\t\t<div class=\"timeline__content\">\n\t\t\t\t\t\t\t\t\t\t\n\t\t\t\t\t\t\t\t\t\t<h2 class=\"mgt-head\">Avec le temps...<\/h2>\t\t\t\t\t\t\t\t\t\t\t\t\t\t\t\t\t\t\t\t\t\t\t\t\t\t\t\t\t\t\t<div class=\"mgt-content\">\n\t\t\t\t\t\t\t\t\t\t\t\t<p >Ayant tiss\u00e9 au fil des ans , des relations privil\u00e9gi\u00e9es avec des vignerons r\u00e9put\u00e9s , Charles et Daniel \u00e9tendent leur Gamme aux premiers et grands Crus prestigieux tels Clos Vougeot, Echezeaux, Bonnes Mares et Corton Charlemagne.\n\nIls participent r\u00e9guli\u00e8rement aux c\u00e9l\u00e8bres ventes aux ench\u00e8res des vins du domaine des Hospices de Beaune afin d'acqu\u00e9rir de belles cuv\u00e9es.<\/p>\n\t\t\t\t\t\t\t\t\t\t\t<\/div>\n\t\t\t\t\t\t\t\t\t\t\t\t\t\t\t\t\t\t\t\t\t\t\t\t\t\t\t\t\t<\/div>\n\t\t\t\t\t\t\t\t<\/div>\n\t\t\t\t\t\t\t\t\t\t\t\t\t\t<div class=\"timeline__item\">\n\t\t\t\t\t\t\t\t\t<div class=\"timeline__content\">\n\t\t\t\t\t\t\t\t\t\t\n\t\t\t\t\t\t\t\t\t\t<h2 class=\"mgt-head\">Rester proche...<\/h2>\t\t\t\t\t\t\t\t\t\t\t\t\t\t\t\t\t\t\t\t\t\t\t\t\t\t\t\t\t\t\t<div class=\"mgt-content\">\n\t\t\t\t\t\t\t\t\t\t\t\t<p >Malgr\u00e9 la demande croissante, le domaine Charles ANTONIN n'exporte pas ses crus afin de satisfaire et r\u00e9server la primeur de ses grands mill\u00e9simes \u00e0 sa fid\u00e8le client\u00e8le, heureuse de partager des moments de convivialit\u00e9 sur les foires et salons nationaux.<\/p>\n\t\t\t\t\t\t\t\t\t\t\t<\/div>\n\t\t\t\t\t\t\t\t\t\t\t\t\t\t\t\t\t\t\t\t\t\t\t\t\t\t\t\t\t<\/div>\n\t\t\t\t\t\t\t\t<\/div>\n\t\t\t\t\t\t\t\t\t\t\t\t\t\t<div class=\"timeline__item\">\n\t\t\t\t\t\t\t\t\t<div class=\"timeline__content\">\n\t\t\t\t\t\t\t\t\t\t\n\t\t\t\t\t\t\t\t\t\t<h2 class=\"mgt-head\">Toujours l\u00e0...<\/h2>\t\t\t\t\t\t\t\t\t\t\t\t\t\t\t\t\t\t\t\t\t\t\t\t\t\t\t\t\t\t\t<div class=\"mgt-content\">\n\t\t\t\t\t\t\t\t\t\t\t\t<p >Les al\u00e9as climatiques de ces derni\u00e8res ann\u00e9es ayant r\u00e9duit la production de nombreuses appellations, la passion de bien faire et le travail acharn\u00e9 ont permis de donner de tr\u00e8s beaux mill\u00e9simes tels 2018, 2019 et 2020.\n\nEsp\u00e9rons retrouver des ann\u00e9es d'abondance dont la nature nous a souvent gratifi\u00e9.<\/p>\n\t\t\t\t\t\t\t\t\t\t\t<\/div>\n\t\t\t\t\t\t\t\t\t\t\t\t\t\t\t\t\t\t\t\t\t\t\t\t\t\t\t\t\t<\/div>\n\t\t\t\t\t\t\t\t<\/div>\n\t\t\t\t\t\t\n\n\t\t\t\t\t<\/div>\n\t\t\t\t<\/div>\n\t\t\t\t<\/div>\n\n\n\n\t\t\t\t\t\t\t<\/div>\n\t\t\t\t<\/div>\n\t\t\t\t\t<\/div>\n\t\t<\/div>\n\t\t\t\t\t<\/div>\n\t\t<\/section>\n\t\t\t\t<\/div>\n\t\t","protected":false},"excerpt":{"rendered":"<p>HISTOIRE NOTRE HISTOIRE L&rsquo;histoire du domaine&#8230; Charles ANTONIN, tr\u00e8s jeune, rejoint son p\u00e8re Maurice dans sa Maison de distribution de Vins de Bourgogne appel\u00e9e autrefois \u00ab\u00a0marchand de vins \u00e0 l&rsquo;enseigne\u00a0\u00bb. Sa passion pour la viticulture et le terroir Bourguignon se d\u00e9veloppe au contact des vignerons de la C\u00f4te d&rsquo;Or. Les d\u00e9buts&#8230; En 1986, alors \u00e2g\u00e9 [&hellip;]<\/p>\n","protected":false},"author":1,"featured_media":0,"parent":0,"menu_order":0,"comment_status":"closed","ping_status":"closed","template":"elementor_canvas","meta":{"footnotes":""},"class_list":["post-749","page","type-page","status-publish","hentry","entry"],"yoast_head":"<!-- This site is optimized with the Yoast SEO plugin v27.6 - https:\/\/yoast.com\/product\/yoast-seo-wordpress\/ -->\n<title>Notre histoire - Charles Antonin<\/title>\n<meta name=\"description\" content=\"Venez d\u00e9couvrir ou red\u00e9couvrir l&#039;histoire du Domaine Charles Antonin, viticulteur de p\u00e8re en fils dans la r\u00e9gion Bourguignonne.\" \/>\n<meta name=\"robots\" content=\"index, follow, max-snippet:-1, max-image-preview:large, max-video-preview:-1\" \/>\n<link rel=\"canonical\" href=\"https:\/\/charlesantonin.com\/index.php\/notre-histoire\/\" \/>\n<meta property=\"og:locale\" content=\"fr_FR\" \/>\n<meta property=\"og:type\" content=\"article\" \/>\n<meta property=\"og:title\" content=\"Notre histoire - Charles Antonin\" \/>\n<meta property=\"og:description\" content=\"Venez d\u00e9couvrir ou red\u00e9couvrir l&#039;histoire du Domaine Charles Antonin, viticulteur de p\u00e8re en fils dans la r\u00e9gion Bourguignonne.\" \/>\n<meta property=\"og:url\" content=\"https:\/\/charlesantonin.com\/index.php\/notre-histoire\/\" \/>\n<meta property=\"og:site_name\" content=\"Charles Antonin\" \/>\n<meta property=\"article:modified_time\" content=\"2022-07-08T13:53:37+00:00\" \/>\n<meta name=\"twitter:card\" content=\"summary_large_image\" \/>\n<meta name=\"twitter:label1\" content=\"Dur\u00e9e de lecture estim\u00e9e\" \/>\n\t<meta name=\"twitter:data1\" content=\"2 minutes\" \/>\n<script type=\"application\/ld+json\" class=\"yoast-schema-graph\">{\"@context\":\"https:\\\/\\\/schema.org\",\"@graph\":[{\"@type\":\"WebPage\",\"@id\":\"https:\\\/\\\/charlesantonin.com\\\/index.php\\\/notre-histoire\\\/\",\"url\":\"https:\\\/\\\/charlesantonin.com\\\/index.php\\\/notre-histoire\\\/\",\"name\":\"Notre histoire - Charles Antonin\",\"isPartOf\":{\"@id\":\"https:\\\/\\\/charlesantonin.com\\\/#website\"},\"datePublished\":\"2022-06-30T10:35:20+00:00\",\"dateModified\":\"2022-07-08T13:53:37+00:00\",\"description\":\"Venez d\u00e9couvrir ou red\u00e9couvrir l'histoire du Domaine Charles Antonin, viticulteur de p\u00e8re en fils dans la r\u00e9gion Bourguignonne.\",\"breadcrumb\":{\"@id\":\"https:\\\/\\\/charlesantonin.com\\\/index.php\\\/notre-histoire\\\/#breadcrumb\"},\"inLanguage\":\"fr-FR\",\"potentialAction\":[{\"@type\":\"ReadAction\",\"target\":[\"https:\\\/\\\/charlesantonin.com\\\/index.php\\\/notre-histoire\\\/\"]}]},{\"@type\":\"BreadcrumbList\",\"@id\":\"https:\\\/\\\/charlesantonin.com\\\/index.php\\\/notre-histoire\\\/#breadcrumb\",\"itemListElement\":[{\"@type\":\"ListItem\",\"position\":1,\"name\":\"Accueil\",\"item\":\"https:\\\/\\\/charlesantonin.com\\\/\"},{\"@type\":\"ListItem\",\"position\":2,\"name\":\"Notre histoire\"}]},{\"@type\":\"WebSite\",\"@id\":\"https:\\\/\\\/charlesantonin.com\\\/#website\",\"url\":\"https:\\\/\\\/charlesantonin.com\\\/\",\"name\":\"Charles Antonin\",\"description\":\"La bourgogne passionn\u00e9ment de p\u00e8re en fils\",\"publisher\":{\"@id\":\"https:\\\/\\\/charlesantonin.com\\\/#organization\"},\"potentialAction\":[{\"@type\":\"SearchAction\",\"target\":{\"@type\":\"EntryPoint\",\"urlTemplate\":\"https:\\\/\\\/charlesantonin.com\\\/?s={search_term_string}\"},\"query-input\":{\"@type\":\"PropertyValueSpecification\",\"valueRequired\":true,\"valueName\":\"search_term_string\"}}],\"inLanguage\":\"fr-FR\"},{\"@type\":\"Organization\",\"@id\":\"https:\\\/\\\/charlesantonin.com\\\/#organization\",\"name\":\"Charles Antonin\",\"url\":\"https:\\\/\\\/charlesantonin.com\\\/\",\"logo\":{\"@type\":\"ImageObject\",\"inLanguage\":\"fr-FR\",\"@id\":\"https:\\\/\\\/charlesantonin.com\\\/#\\\/schema\\\/logo\\\/image\\\/\",\"url\":\"https:\\\/\\\/charlesantonin.com\\\/wp-content\\\/uploads\\\/2022\\\/06\\\/LOGO.png\",\"contentUrl\":\"https:\\\/\\\/charlesantonin.com\\\/wp-content\\\/uploads\\\/2022\\\/06\\\/LOGO.png\",\"width\":450,\"height\":264,\"caption\":\"Charles Antonin\"},\"image\":{\"@id\":\"https:\\\/\\\/charlesantonin.com\\\/#\\\/schema\\\/logo\\\/image\\\/\"}}]}<\/script>\n<!-- \/ Yoast SEO plugin. -->","yoast_head_json":{"title":"Notre histoire - Charles Antonin","description":"Venez d\u00e9couvrir ou red\u00e9couvrir l'histoire du Domaine Charles Antonin, viticulteur de p\u00e8re en fils dans la r\u00e9gion Bourguignonne.","robots":{"index":"index","follow":"follow","max-snippet":"max-snippet:-1","max-image-preview":"max-image-preview:large","max-video-preview":"max-video-preview:-1"},"canonical":"https:\/\/charlesantonin.com\/index.php\/notre-histoire\/","og_locale":"fr_FR","og_type":"article","og_title":"Notre histoire - Charles Antonin","og_description":"Venez d\u00e9couvrir ou red\u00e9couvrir l'histoire du Domaine Charles Antonin, viticulteur de p\u00e8re en fils dans la r\u00e9gion Bourguignonne.","og_url":"https:\/\/charlesantonin.com\/index.php\/notre-histoire\/","og_site_name":"Charles Antonin","article_modified_time":"2022-07-08T13:53:37+00:00","twitter_card":"summary_large_image","twitter_misc":{"Dur\u00e9e de lecture estim\u00e9e":"2 minutes"},"schema":{"@context":"https:\/\/schema.org","@graph":[{"@type":"WebPage","@id":"https:\/\/charlesantonin.com\/index.php\/notre-histoire\/","url":"https:\/\/charlesantonin.com\/index.php\/notre-histoire\/","name":"Notre histoire - Charles Antonin","isPartOf":{"@id":"https:\/\/charlesantonin.com\/#website"},"datePublished":"2022-06-30T10:35:20+00:00","dateModified":"2022-07-08T13:53:37+00:00","description":"Venez d\u00e9couvrir ou red\u00e9couvrir l'histoire du Domaine Charles Antonin, viticulteur de p\u00e8re en fils dans la r\u00e9gion Bourguignonne.","breadcrumb":{"@id":"https:\/\/charlesantonin.com\/index.php\/notre-histoire\/#breadcrumb"},"inLanguage":"fr-FR","potentialAction":[{"@type":"ReadAction","target":["https:\/\/charlesantonin.com\/index.php\/notre-histoire\/"]}]},{"@type":"BreadcrumbList","@id":"https:\/\/charlesantonin.com\/index.php\/notre-histoire\/#breadcrumb","itemListElement":[{"@type":"ListItem","position":1,"name":"Accueil","item":"https:\/\/charlesantonin.com\/"},{"@type":"ListItem","position":2,"name":"Notre histoire"}]},{"@type":"WebSite","@id":"https:\/\/charlesantonin.com\/#website","url":"https:\/\/charlesantonin.com\/","name":"Charles Antonin","description":"La bourgogne passionn\u00e9ment de p\u00e8re en fils","publisher":{"@id":"https:\/\/charlesantonin.com\/#organization"},"potentialAction":[{"@type":"SearchAction","target":{"@type":"EntryPoint","urlTemplate":"https:\/\/charlesantonin.com\/?s={search_term_string}"},"query-input":{"@type":"PropertyValueSpecification","valueRequired":true,"valueName":"search_term_string"}}],"inLanguage":"fr-FR"},{"@type":"Organization","@id":"https:\/\/charlesantonin.com\/#organization","name":"Charles Antonin","url":"https:\/\/charlesantonin.com\/","logo":{"@type":"ImageObject","inLanguage":"fr-FR","@id":"https:\/\/charlesantonin.com\/#\/schema\/logo\/image\/","url":"https:\/\/charlesantonin.com\/wp-content\/uploads\/2022\/06\/LOGO.png","contentUrl":"https:\/\/charlesantonin.com\/wp-content\/uploads\/2022\/06\/LOGO.png","width":450,"height":264,"caption":"Charles Antonin"},"image":{"@id":"https:\/\/charlesantonin.com\/#\/schema\/logo\/image\/"}}]}},"_links":{"self":[{"href":"https:\/\/charlesantonin.com\/index.php\/wp-json\/wp\/v2\/pages\/749","targetHints":{"allow":["GET"]}}],"collection":[{"href":"https:\/\/charlesantonin.com\/index.php\/wp-json\/wp\/v2\/pages"}],"about":[{"href":"https:\/\/charlesantonin.com\/index.php\/wp-json\/wp\/v2\/types\/page"}],"author":[{"embeddable":true,"href":"https:\/\/charlesantonin.com\/index.php\/wp-json\/wp\/v2\/users\/1"}],"replies":[{"embeddable":true,"href":"https:\/\/charlesantonin.com\/index.php\/wp-json\/wp\/v2\/comments?post=749"}],"version-history":[{"count":142,"href":"https:\/\/charlesantonin.com\/index.php\/wp-json\/wp\/v2\/pages\/749\/revisions"}],"predecessor-version":[{"id":2958,"href":"https:\/\/charlesantonin.com\/index.php\/wp-json\/wp\/v2\/pages\/749\/revisions\/2958"}],"wp:attachment":[{"href":"https:\/\/charlesantonin.com\/index.php\/wp-json\/wp\/v2\/media?parent=749"}],"curies":[{"name":"wp","href":"https:\/\/api.w.org\/{rel}","templated":true}]}}